) = 7 + z + 3*z**3 - 2 - 4*z**2 - 4*z**3. What is p(m)?
1
Let u(r) be the first derivative of 2 + r + 7/2*r**2. Suppose -3*h = h - 4. Determine u(h).
8
Let z be (-10)/(-6) - (-6)/18. Let j(f) = z - 2*f + 1 + 0. Let t(s) = 2*s**2 - s. Let a be t(-1). Calculate j(a).
-3
Let w(h) = h - 5. Let q be w(3). Let r(l) be the third derivative of l**6/60 + l**5/60 + l**3/6 - 7*l**2. Determine r(q).
-11
Suppose 0 = 4*k - 2*k - c - 35, 66 = 4*k + 2*c. Let z = k + -15. Let a(b) = -b**2 + b - 1. What is a(z)?
-3
Let b(o) = -10*o**3 - 4*o**2 + 3*o. Let g(v) = 10*v**3 + 3*v**2 - 2*v. Let a(r) = -2*b(r) - 3*g(r). Calculate a(-1).
9
Let h be (-3)/5 + (-17)/(-20). Let a(r) be the second derivative of -h*r**4 + r + r**2 + 0*r**3 - 1/20*r**5 + 0. Determine a(-2).
-2
Let x(c) be the second derivative of 0 + 11/2*c**2 + 1/6*c**3 + 3*c. Calculate x(-6).
5
Let c be (1 - 1) + 9 + -2. Let u be ((-2)/(-4))/(2/(-48)). Let m = u + c. Let j(d) = -d**3 - 6*d**2 - 6*d - 7. Determine j(m).
-2
Let h(x) = 6*x**2 - 1. Let v = 1 - 2. Determine h(v).
5
Let v(j) be the third derivative of -j**6/120 + j**5/20 + 5*j**4/24 - j**3/3 - 2*j**2. Let q be v(4). Let l(t) = 6*t - 3. Calculate l(q).
9
Let i(y) = y**2 - 4*y + 3. Let j(o) = o**3 + 6*o**2 + 3. Let t be j(-6). Suppose -c + t = -0*c. What is i(c)?
0
Let f(s) = s + 10. Let q(v) = v**3 - 27*v**2 + 52*v - 61. Let u be q(25). Calculate f(u).
-1
Let l be 4 - (36/(-3))/2. Suppose l = 2*w - 7*w. Let d(v) = 3*v + 3. What is d(w)?
-3
Let k(h) be the third derivative of 1/120*h**6 + 1/3*h**3 + 0 + 1/12*h**5 + 4*h**2 - 1/24*h**4 + 0*h. What is k(-5)?
7
Let b(y) = -y**2. Let p be b(2). Let i be (0 - -2) + (0 - -2). Let m(s) = -s - 3*s + 6*s + s + i + s**2. Determine m(p).
8
Let p be 2*(-2)/(-8)*-10. Let l(k) = -k**2 - k. Suppose -33 = -5*x - f, x + 3 = 3*x - 3*f. Let h(d) = -5*d**2 - 2*d. Let t(b) = x*l(b) - h(b). What is t(p)?
-5
Let q(g) = -g**3 - 3*g**2 + 3*g + 3. Suppose 5*t - 6 = 4. Suppose 4*c = -2*x, 3*x - 13 = 5*c - t. Suppose -x*b - 3*b - 3*o = 9, -7 = 3*b + o. Give q(b).
-6
Let z(n) be the third derivative of -n**8/20160 + n**7/840 - n**6/180 + n**5/30 - 6*n**2. Let a(l) be the third derivative of z(l). Calculate a(4).
4
Let j be 108/(-9)*(-7)/(-4). Let s = j + 23. Let i(z) = z**3 - z**2 - 2*z + 3. Calculate i(s).
3
Let h(k) = -9*k**2 + 2*k + 4. Let i(r) = 0*r - 6*r**2 + r - 6 + 19*r**2 - 4*r. Let y(p) = 7*h(p) + 5*i(p). Calculate y(2).
4
Let x(k) = -5*k**2 - k. Let g = -15 - -25. Let i be (1 + g/(-6))*-6. Let o = i + -5. Give x(o).
-4
Let a(h) = -2*h - 2*h**2 + h - 6 + h**2. Let q be 0/((-1 - -1 - -1)*-4). Calculate a(q).
-6
Let u(c) = c**2 + c + 1. Suppose 0 = -0*q + q + 2, -3*f = 3*q - 6. Suppose -4*h - o + 2 = 7, 0 = f*h - 5*o - 25. Give u(h).
1
Let j(n) = 3*n + 15. Let p(x) = -2*x - 8. Let q(h) = -3*j(h) - 5*p(h). Let d(i) = 4*i + 0*i - 1 - 6 + i**2. Let f be d(-6). Calculate q(f).
0
Let l(i) = i**3 - 6*i**2 + 7*i - 3. Suppose 0 = 3*o - 1 - 2. Let t(p) = -p**2 + 9*p - 4. Let c be t(9). Let r = o - c. Determine l(r).
7
Let j(k) be the second derivative of k**5/20 + 5*k**4/12 - 2*k**3/3 + 3*k**2 - 29*k - 1. Give j(-6).
-6
Let s(h) be the second derivative of h**3/6 + h**2/2 - 3*h. Let j(c) = c - 1. Let f be j(-1). Calculate s(f).
-1
Let d(q) = -q + 4. Let m be d(4). Let z(j) = j + 8. Let a(x) = -x - 7. Let k be 3 + (-4)/(6/(-3)). Let y(r) = k*z(r) + 6*a(r). What is y(m)?
-2
Let s = -11 - -15. Let u(b) = b**3 + 9*b**2 + b + 10. Let k be u(-9). Let p(q) = 1. Let g(n) = n - 6. Let l(c) = k*g(c) + 3*p(c). Calculate l(s).
1
Let w(u) = -3*u + 4*u + 11 - 13. Give w(-3).
-5
Let c(t) = t**2 - 5*t - 1. Suppose 2 = 3*b - 16. Let l be c(b). Let n(u) = -4*u**2 + 8*u - 1. Let g(k) = -k**2 + k. Let q(w) = 3*g(w) - n(w). Give q(l).
1
Let a(p) = -4 - p - p**3 + 2 + 1. Determine a(0).
-1
Let s = 2 - 3. Let t(z) = 6*z**3 - 2*z**3 - 5 + z + 6. Determine t(s).
-4
Let v = 2 - -6. Let r(b) = 6*b + 4 + b - v*b. Determine r(3).
1
Let a(o) = 7*o**2 + 7*o**2 - 2*o**3 - o + o + 8. Let d(j) = -j**3 + 5*j**2 + 3. Let l(s) = 3*a(s) - 8*d(s). Let r = -6 + 4. Give l(r).
-8
Let p(c) = 23*c + 5*c**2 - 26*c + 0 - 1 - c**3. Let x(b) = -b**3 - 3*b**2 - b + 1. Let v be x(-3). Suppose -2*i = 4*a - 8, 20 = -v*a + 8*a - i. Determine p(a).
3
Suppose -15*r = -6*r + 54. Let a(c) = c**3 + 7*c**2 + 6*c + 1. Give a(r).
1
Suppose 3*a = 3*k + 9, 2*a + 2*k - 6 = -2*a. Let m = 4 - a. Let s(t) = 3 - 15*t + 9*t + 2*t**m - t**2. What is s(3)?
-6
Let x(h) be the second derivative of 3*h**5/10 + h**4/3 - 5*h**3/3 + h**2 - 4*h. Let w(c) = -c**3 + c + 1. Let t(o) = 5*w(o) + x(o). Calculate t(-5).
7
Let k(j) = -j**3 + 4*j**2 - 4*j. Let r(s) = s - 4. Let v be r(7). Give k(v).
-3
Suppose 0 = 3*a - z - 19, 2*z = -5*a + z + 29. Let b(n) = -n**2 + 5*n - 3. Calculate b(a).
-9
Let x(s) = -3 - 2*s**2 + 2*s**2 + 2*s**2 + 6 + 4*s. Give x(-2).
3
Let n(d) be the second derivative of d**3/6 + 5*d**2/2 + 8*d. Calculate n(0).
5
Let s(t) = 3 - 14 - 4*t + 6 + t**2 + 8. Calculate s(4).
3
Let m(q) be the third derivative of -q**5/60 + q**4/24 - q**3/3 + 34*q**2. Give m(5).
-22
Let k(y) = y. Let o be k(4). Suppose -5*t + 1 = -o*v, 0 = -2*v - 0*t - t + 3. Let p(u) = -u**3 - 2*u**2 + 1. What is p(v)?
-2
Let j = 113 + -124. Let u(b) = 2*b + 15. Give u(j).
-7
Let o(b) = -10*b + 2 + 4*b + b + 4*b. Give o(1).
1
Let c = 49 + -44. Let m(w) = w**2 - 5*w. Give m(c).
0
Let u(d) be the third derivative of 2*d**2 - 1/60*d**5 - 1/24*d**4 + 1/120*d**6 + 2/3*d**3 + 0*d + 0. Determine u(0).
4
Let c(d) = 2*d - 6 + 3*d - 4*d. Suppose 0 = 4*o + 11*o. What is c(o)?
-6
Let w(u) = 0*u**2 + 0*u**2 - 2*u - 71 + 68 + u**2. Give w(-3).
12
Suppose n = 3*n - 8. Suppose 5*c = 2*c, -d - n*c = 1. Let f(h) be the first derivative of 3*h**2 + 1. Give f(d).
-6
Suppose 0 = -5*n + 5 + 15. Let y(m) = m**3 - 3*m**2 - 5*m + 3. Calculate y(n).
-1
Suppose -4*n + 11 = m, 5*m + 1 = 4*n + 8. Let x(a) = -a**2 + 2*a - 1. Determine x(n).
-1
Let o = -5 + 10. Let u(x) = -8*x - 1. Let m(i) = -i. Let y(t) = -6*m(t) + u(t). Give y(o).
-11
Let f(d) = -4*d**2 - d. Let l be f(-1). Let q = l - -8. Suppose -s = q, 2*j + 3*j + s = -20. Let g(w) = w**2 + w - 4. Calculate g(j).
2
Let d = -4 + 1. Let j(y) = y**3 + 2*y**2 - 5*y - 4. Let x(r) = r**3 + 2*r**2 - 4*r - 3. Let c(m) = 5*j(m) - 6*x(m). Calculate c(d).
10
Let n(l) = 18*l - 2. Let d(w) = -6*w + 1. Let h(u) = 14*d(u) + 5*n(u). Calculate h(-5).
-26
Let m(k) = 10*k**2. Suppose 0 = g - 3, -l - 3*g + 12 = -0*g. Suppose -10 = 5*t - 5*w, 5*t + 4*w = l*t + 14. Give m(t).
10
Let u(k) be the third derivative of 7*k**4/24 + k**3/3 + 25*k**2. Calculate u(2).
16
Let j(a) be the second derivative of -a**7/2520 - a**6/144 - a**5/30 + a**4/6 + 2*a. Let r(d) be the third derivative of j(d). What is r(-3)?
2
Let w(h) = h**3 + 4*h**2 - 6*h - 5. Suppose 4*m + 33 = -5*c, -9 = -c + 5*m - 4. What is w(c)?
0
Suppose -3*b + 15 = 3*k, 2*k - 4*b = k - 5. Let f(y) = 3*y**2 - 3*y - 4. Calculate f(k).
14
Suppose 4*c - 5*c - 14 = 0. Let j(z) = -4*z + 7. Let r(a) = -1. Let t(d) = c*r(d) - 2*j(d). Determine t(1).
8
Let v be 0 - -3 - 10/2. Let a be 18/(-4) - (-1)/v. Let j(c) = 5*c**2 + 8*c - 7. Let q(g) = 4*g**2 + 7*g - 6. Let i(o) = -3*j(o) + 4*q(o). What is i(a)?
2
Let o(m) = m**2 + m + 1. Let z = -1 + 4. Let t = z + 0. Determine o(t).
13
Let f(c) = c**2 - 2. Let d be (6 - 4) + -3 + 3. What is f(d)?
2
Suppose 0 = w - 0 - 3. Suppose -w = -a + 4*a. Let d(u) be the third derivative of -u**4/8 + u**3/6 + u**2. Give d(a).
4
Let y be (1/(-3))/((-11)/(-66)). Let o(b) = b - 4 + 2*b**2 + 0*b + b**3 + 2. What is o(y)?
-4
Let p be 9/6*4/3. Suppose -a - 1 = p. Let d(h) = -h**3 - 3*h**2 - h + 1. Give d(a).
4
Let c(d) be the third derivative of d**6/120 + d**5/15 - d**4/8 + 7*d**3/6 + 39*d**2 - 2. Calculate c(-5).
-3
Let t(s) = s**3 - 4*s**2 - 2*s + 6. Let i be (-24)/1*(-6)/9. Suppose o - 5*o + i = 0. Calculate t(o).
-2
Let o(j) = -j + 3. Let k(a) = 7*a**2 + a**3 + a**3 - 3*a**3 + 5. Let n be k(7). Suppose 28 = -n*x + 8. What is o(x)?
7
Let x = 3 - 5. Let f(r) be the third derivative of -r**6/120 - r**5/60 + r**3/3 + 7*r**2. Give f(x).
6
Let k be -3 + 4 + -14 + 3. Let u = -5 - k. Let g(x) = -2*x - 1. What is g(u)?
-11
Let b be 16/(-24)*(-42)/4. Let l(y) = -y**2 + 6*y + 8. Give l(b).
1
Let f(m) be the second derivative of m**5/20 - m**4/2 - 5*m**2/2 - 12*